 12197 a prime number?
True
Is 18933 a prime number?
False
Is 110662 a prime number?
False
Is 92279 prime?
False
Is 864349 a prime number?
False
Is 1046953 prime?
False
Is 133577 prime?
False
Is 6481 a prime number?
True
Is 354121 composite?
False
Is 4279 a prime number?
False
Is 1367 prime?
True
Is 214919 a composite number?
True
Is 40673 a prime number?
False
Is 33287 composite?
False
Is 967 a prime number?
True
Is 382521 a composite number?
True
Is 12053 composite?
True
Is 12781 a prime number?
True
Is 12151 a prime number?
False
Is 18665 composite?
True
Is 15427 a prime number?
True
Is 2039 prime?
True
Is 396871 prime?
True
Is 634003 composite?
False
Is 11399 prime?
True
Is 146017 prime?
False
Is 404483 a prime number?
True
Is 41315 prime?
False
Is 5147 prime?
True
Is 16319 prime?
True
Is 1114099 a composite number?
True
Is 10779 prime?
False
Is 435997 prime?
True
Is 251827 composite?
True
Is 21661 a prime number?
True
Is 1321571 prime?
True
Is 1865 composite?
True
Is 25523 prime?
True
Is 132017 a composite number?
True
Is 37667 prime?
False
Is 212621 prime?
False
Is 142837 a prime number?
True
Is 153155 a composite number?
True
Is 1823 composite?
False
Is 493 a prime number?
False
Is 19563 composite?
True
Is 35063 composite?
True
Is 26909 a prime number?
False
Is 7217 composite?
True
Is 1049654 a prime number?
False
Is 5983 composite?
True
Is 362897 a prime number?
True
Is 379 a composite number?
False
Is 9313 a composite number?
True
Is 300557 a prime number?
True
Is 693317 prime?
True
Is 18949 a composite number?
True
Is 451046 prime?
False
Is 355297 prime?
True
Is 36187 a prime number?
True
Is 2351701 prime?
False
Is 30017 composite?
True
Is 290501 a composite number?
True
Is 71705 prime?
False
Is 56861 a composite number?
True
Is 80713 prime?
True
Is 38721 composite?
True
Is 147999 composite?
True
Is 20318 a prime number?
False
Is 48154 composite?
True
Is 1197721 composite?
True
Is 40333 prime?
False
Is 74615 prime?
False
Is 63746 prime?
False
Is 2939 a prime number?
True
Is 4387 composite?
True
Is 910223 prime?
False
Is 204767 a composite number?
True
Is 24749 a composite number?
False
Is 452659 a prime number?
False
Is 19913 prime?
True
Is 15191 a prime number?
False
Is 1009 prime?
True
Is 102959 prime?
False
Is 1231943 prime?
True
Is 14591 prime?
True
Is 817837 a composite number?
False
Is 7985 prime?
False
Is 49499 a composite number?
False
Is 8419 a composite number?
False
Is 889 a composite number?
True
Is 1060609 prime?
False
Is 68131 prime?
False
Is 1089527 a prime number?
False
Is 90163 a composite number?
False
Is 648965 composite?
True
Is 884281 a prime number?
False
Is 446309 a composite number?
False
Is 536573 a prime number?
False
Is 26989 prime?
False
Is 70877 a prime number?
True
Is 27769 composite?
True
Is 3983 prime?
False
Is 183907 a composite number?
False
Is 21059 prime?
True
Is 22886 a composite number?
True
Is 149531 a composite number?
False
Is 11989 prime?
False
Is 78557 prime?
False
Is 169553 a prime number?
True
Is 1898733 a prime number?
False
Is 91699 composite?
True
Is 227363 a prime number?
True
Is 345683 composite?
True
Is 38293 prime?
False
Is 4727 prime?
False
Is 4831 composite?
False
Is 84589 a prime number?
True
Is 2203 prime?
True
Is 9897 prime?
False
Is 4782263 a composite number?
False
Is 607997 composite?
True
Is 1661 a composite number?
True
Is 31777 a composite number?
True
Is 2065031 prime?
True
Is 64229 prime?
False
Is 260263 a composite number?
False
Is 6163 a composite number?
False
Is 241807 prime?
True
Is 82207 a composite number?
False
Is 631 a prime number?
True
Is 29789 composite?
False
Is 14461 a composite number?
False
Is 9895 prime?
False
Is 44353 a composite number?
True
Is 64393 composite?
True
Is 78322 a composite number?
True
Is 1329529 a composite number?
False
Is 22343 a prime number?
True
Is 281053 a composite number?
False
Is 469627 composite?
False
Is 6387 composite?
True
Is 1692377 composite?
False
Is 2410081 a composite number?
False
Is 2571 prime?
False
Is 369374 a composite number?
True
Is 77483 a prime number?
False
Is 1145009 prime?
False
Is 23717 composite?
True
Is 97073 a composite number?
False
Is 8887 composite?
False
Is 1961 a composite number?
True
Is 93761 prime?
True
Is 39857 prime?
True
Is 1570109 a prime number?
False
Is 11541 prime?
False
Is 414487 composite?
False
Is 211 prime?
True
Is 4109 composite?
True
Is 59759 composite?
True
Is 3041 composite?
False
Is 3305 a composite number?
True
Is 8923 composite?
False
Is 1739 prime?
False
Is 21869 a composite number?
True
Is 111921 composite?
True
Is 20803 composite?
True
Is 865907 a composite number?
True
Is 8597 a prime number?
True
Is 334861 prime?
True
Is 44417 a composite number?
False
Is 6331 a prime number?
False
Is 14633 prime?
True
Is 2123 prime?
False
Is 152809 composite?
False
Is 758671 a prime number?
True
Is 107857 prime?
True
Is 580373 composite?
False
Is 11533 a prime number?
False
Is 41333 prime?
True
Is 647 a composite number?
False
Is 82165 a prime number?
False
Is 19531 a prime number?
True
Is 2149453 composite?
False
Is 1462939 a composite number?
False
Is 36149 a composite number?
True
Is 4191745 prime?
False
Is 9233 a composite number?
True
Is 55763 a prime number?
True
Is 315773 prime?
False
Is 907 a composite number?
False
Is 24027 composite?
True
Is 383739 prime?
False
Is 34721 a composite number?
False
Is 251347 a prime number?
True
Is 695467 a composite number?
False
Is 44861 composite?
True
Is 231169 composite?
False
Is 49705 a prime number?
False
Is 2605 a prime number?
False
Is 62327 composite?
False
Is 116098 a prime number?
False
Is 222763 a prime number?
False
Is 30815 a composite number?
True
Is 72797 a prime number?
True
Is 160501 composite?
True
Is 5854 a composite number?
True
Is 188047 composite?
True
Is 17783 composite?
False
Is 1338323 a prime number?
False
Is 142687 a composite number?
True
Is 10589 prime?
True
Is 1821 prime?
False
Is 332531 a composite number?
True
Is 240869 prime?
True
Is 30265 prime?
False
Is 937643 a composite number?
True
Is 795643 composite?
False
Is 358031 prime?
True
Is 8419 a composite number?
False
Is 527927 a prime number?
False
Is 788153 a prime number?
True
Is 30911 a composite number?
False
Is 96731 prime?
True
Is 13643 a prime number?
False
Is 72151 a composite number?
True
Is 99077 prime?
False
Is 205522 prime?
False
Is 1009 prime?
True
Is 72829 a prime number?
False
Is 10843 composite?
True
Is 205879 composite?
False
Is 2503 a composite number?
False
Is 1491401 composite?
False
Is 418199 a prime number?
True
Is 20807 prime?
True
Is 2019 composite?
True
Is 90955 prime?
False
Is 160619 a composite number?
False
Is 50171 composite?
True
Is 120711 a prime number?
False
Is 12689 a prime number?
True
Is 113063 prime?
True
Is 1103639 a composite number?
False
Is 887801 prime?
False
Is 39469 prime?
False
Is 66121 a prime number?
False
Is 682901 a prime number?
True
Is 49886 composite?
True
Is 15817 prime?
True
Is 90049 prime?
False
Is 1942 composite?
True
Is 6157 a composite number?
True
Is 2435 a composite number?
True
Is 2882953 a prime number?
True
Is 1480169 prime?
False
Is 192091 prime?
True
Is 39755 prime?
False
Is 316481 composite?
True
Is 172253 a prime number?
False
Is 1108459 a composite number?
True
Is 1549817 prime?
True
Is 20171 a composite number?
True
Is 6819 composite?
True
Is 7447 a composite number?
True
Is 3493 composite?
True
Is 27899 a prime number?
False
Is 1835 a composite number?
True
Is 633067 a composite number?
False
Is 371699 prime?
True
Is 1139 composite?
True
Is 7177 prime?
True
Is 1743851 a prime number?
True
Is 8941 a prime number?
True
Is 10445 prime?
False
Is 508841 prime?
True
Is 118067 composite?
True
Is 24646 a composite number?
True
Is 407389 a composite number?
True
Is 5359 prime?
False
Is 10079 a prime number?
True
Is 6158213 a composite number?
False
Is 38501 composite?
False
Is 261634 a prime number?
False
Is 37979 composite?
True
Is 98071 composite?
True
Is 58659 a prime number?
False
Is 3433 a prime number?
True
Is 1211363 composite?
True
Is 930103 prime?
False
Is 19931 prime?
False
Is 17403 a composite number?
True
Is 46678 a composite number?
True
Is 95329 prime?
False
Is 5455 a composite number